 9. Let b(h) = -4*h - 1. Calculate b(z).
-5
Let f(t) be the first derivative of t**4/4 - 20*t**3/3 - t**2/2 + 26*t - 204. Give f(20).
6
Let s(n) = n**2 - 7*n + 3. Let b be s(6). Let r(x) = -2*x**2 + 3*x - 22. Let u(o) = 2*o**2 - 2*o + 19. Let j(y) = 6*r(y) + 7*u(y). Calculate j(b).
7
Let p = -85 + 89. Suppose 4 = -4*v, 4*t - 2*t - p*v = 0. Let h(x) = -x - 1. Let z(k) = -5*k - 4. Let n(w) = -6*h(w) + z(w). Give n(t).
0
Let r(g) be the second derivative of -g**4/12 + 5*g**3/6 + 3*g**2/2 - 32*g + 2. Give r(6).
-3
Let w(p) be the first derivative of -7*p**2/2 + p - 62. Determine w(-6).
43
Let h(t) = 205*t - 4. Let m(o) = 68*o + 1. Let w(z) = h(z) - 3*m(z). Suppose 0 = -9*u + 4*u + 90. Let v = u - 12. What is w(v)?
-1
Let g(z) be the second derivative of -z**6/360 + z**4/12 - 3*z**3/2 + 17*z. Let m(a) be the third derivative of g(a). What is m(-8)?
16
Suppose -4*r + 22 - 6 = 0. Suppose 0 = 3*l + q + 13, 0 = -r*l - l + 5*q - 35. Let v(m) = -m**2 - 4*m. Give v(l).
-5
Let d(y) be the third derivative of y**6/120 + 4*y**3/3 - 112*y**2 + 3. Suppose 5*i - 2 - 8 = 0, 3*k + 4*i - 8 = 0. Calculate d(k).
8
Let y(i) = -i. Let q be (6/7)/(5/(-35)). Determine y(q).
6
Let f be (4 - 6) + -4 + 0. Let i(s) be the third derivative of s**7/5040 + s**6/144 - s**5/6 - 8*s**2. Let j(g) be the third derivative of i(g). Determine j(f).
-1
Suppose 46*u - 61*u - 90 = 0. Let i(t) = -t**2 - 2*t. What is i(u)?
-24
Let c = 1790 + -1794. Let x(g) = g**3 + 5*g**2 + 5. Determine x(c).
21
Let z(g) be the second derivative of -g**5/20 + 3*g**4/4 - 7*g**3/6 + 3*g**2/2 + 8*g. Let q = -79 + 87. Calculate z(q).
11
Let s(r) be the third derivative of -r**7/840 - r**6/72 + r**5/20 + 5*r**4/24 + 4*r**3/3 - 3*r**2. Let l(v) be the first derivative of s(v). What is l(-6)?
5
Let s(m) be the third derivative of -m**4/3 - 5*m**3/6 + 2*m**2 + 376*m. Give s(5).
-45
Let n = -16 - -21. Suppose d - 6*d + n = 0. Let k(l) = -7*l**2 + 9*l - 9. Let v(a) = 3*a**2 - 4*a + 4. Let u(i) = 4*k(i) + 9*v(i). Calculate u(d).
-1
Suppose -4*p - 60 = -2*p. Let v be (p/18)/(3/(-9)). Let a(o) = -o**2 + 4*o. Determine a(v).
-5
Let v(u) be the first derivative of -2*u**3/3 + 6*u - 629. Calculate v(0).
6
Let u(d) = d**3 - 3*d**2 + 3*d + 1. Let h(o) = -4*o - 5. Let n be h(-2). Suppose -n*f = -3*g - 6*f + 24, 0 = -5*g - 4*f + 35. Calculate u(g).
10
Let l(w) = 2*w**2 + w**3 - w**2 + w**2 + 2*w**2 + 3*w. Let q = -33 - -36. Suppose 0 = q*s - 4*s - 2. Give l(s).
2
Let a(c) = -3*c - 3. Let z(t) = t + 1. Let j(d) = 2*a(d) + 7*z(d). Give j(4).
5
Let i(a) = 6*a**2 - 2*a + 1. Suppose 0 = -154*h + 121*h + 132. Let s(r) = -r**3 - 2*r**2 - r + 1. Let p be s(-2). Suppose -p*l - 1 = -h*l. What is i(l)?
5
Let x(v) = -v - 8. Let p(t) = t**2 + 7*t - 8. Let j be p(-8). Suppose 3*d - 3*s - 4 = -7*s, -d - 4*s + 12 = j. Give x(d).
-4
Let f(k) = 2*k - 7. Suppose 66 = 6*l + 6. Let h = l - 13. Let q be 2/(0 - h/9). Calculate f(q).
5
Suppose 126 - 129 = -3*j. Let a(y) = -7*y - 1. Calculate a(j).
-8
Let h(x) = 142 - x + x - 131 + 7*x. Give h(-8).
-45
Let z(n) = -7 + 3 + 2*n - n**3 + 6 - 3*n**2. Let f be (-5 - 21/(-4)) + 26/(-8). Determine z(f).
-4
Suppose 3*r - 3*w + 14 = r, 8 = 2*w. Let x(j) = -26*j**3 + j**2 - 1. Calculate x(r).
26
Suppose 0 = 8*b - 10 - 14. Let l(t) = 6*t - 13. What is l(b)?
5
Let w(b) be the first derivative of -b**4/4 + 4*b**3/3 + 7*b**2/2 - 1. Let l(d) = 60*d + 365. Let z be l(-6). Give w(z).
10
Let i(j) = -15*j + 9. Let n be i(1). Let x(d) = -d**2 - 6*d + 6. Give x(n).
6
Suppose -2*r - 3 - 5 = 0. Let u(h) be the first derivative of 5*h**2/2 + 3*h - 201. Calculate u(r).
-17
Let k(v) = -v - 1. Let f(o) = -o**2 - 5*o - 6. Let n be 1*(-1 - 0)*-5. Suppose -x + 0*a - 1 = 2*a, -2*x = n*a + 2. Let b(q) = x*k(q) - f(q). What is b(-5)?
2
Let v = -8 - -9. Let m be v + (-6)/8*-4. Suppose -m*b - 2*c = -10, -6*c - 35 = -4*b - 3*c. Let l(h) = h**3 - 5*h**2 - h - 2. What is l(b)?
-7
Let o(w) = 3*w + 1. Let x(g) = 2*g + 1. Let d(t) = 3*o(t) - 5*x(t). What is d(0)?
-2
Let w(y) = 1 + y**2 - y + y. Suppose n + 4*r + 11 = -0*n, -r + 1 = n. Suppose 3*d - 3*c - 6 = -6*c, -5*d = -n*c + 10. Determine w(d).
1
Let k(f) be the first derivative of -f**2 + f - 781. What is k(-1)?
3
Let a(j) be the second derivative of -1/2*j**2 + 1/6*j**3 + j + 1/4*j**5 + 0 + 0*j**4. Suppose c + 6 - 7 = 0. Calculate a(c).
5
Let g(h) = 6*h + 14. Let r(u) = -5*u - 13. Let y(l) = -4*g(l) - 5*r(l). Let c be y(-16). Let b(z) = 4*z + 5 + 6 - 2*z - z. Determine b(c).
4
Let y(l) = -l**2 + 4*l - 3. Let o = -1 - -6. Let h be 2 + (-3 - -1) + o. Suppose g + 16 = h*g. Determine y(g).
-3
Let k(l) = l**2 + 3*l. Let p(x) = x + 5. Let r be p(-7). What is k(r)?
-2
Let h(n) be the first derivative of n + 5/3*n**3 - 1/2*n**2 + 12. Calculate h(1).
5
Let q(b) = -b**3 + 8*b**2 - 8*b + 5. Let n = 95 + -96. Let m be n + 1 + (-3 - -10). What is q(m)?
-2
Let b(i) = i**3 - 12*i**2 + 1. Let z = 354 + -342. Determine b(z).
1
Let c(d) = d**3 - d**2 - d + 2. Let u(h) = 30*h - 120. Let z be u(4). What is c(z)?
2
Let p(j) be the second derivative of j**4/12 - j**3/6 - 2*j**2 + 3*j - 6. Calculate p(3).
2
Let y(l) = -2*l**3 + 6*l**2 + 2*l + 2. Let i be y(3). Let r(d) = -58 + 60 - i*d - 4*d**2 + d**3 + 2*d. Calculate r(4).
-22
Let n(c) = -c**2 - c + 5. Let k be n(-4). Let w = k - -6. Let f(s) = -s**2 - s. Let q(b) = 6*b**3 + 3*b**2 + 5*b + 1. Let g(i) = 3*f(i) + q(i). Give g(w).
-7
Let w be (-16)/12 + (3 - (-39)/9). Let j(d) = -17*d - 3 + w*d + 7*d + 3*d. Determine j(3).
-6
Let o(w) = -w. Suppose 2*b - 149 = -3*k, 313 = 4*b + 4*k - 3*k. Suppose -13 = 11*f - b. Calculate o(f).
-6
Let d be 0/((-1 + -1)*1). Let p(g) = -3 - 58*g - 59*g - 8 + 116*g. Give p(d).
-11
Let o(y) = 3*y**2 + 1. Let h(a) = 13*a - 13. Let z(d) = 6*d - 7. Let g(t) = -3*h(t) + 7*z(t). Let k be g(3). Calculate o(k).
4
Let r(a) = a**3 + 16*a**2 - 17*a - 6. Let z = 82 - 99. What is r(z)?
-6
Suppose -5*w - 6 = -2*z, -5*z + w = 2*w + 12. Let t be 1 + z - -3 - 1. Let d(n) = 7*n**2 - n**2 - 5*n**2 - 1 + 2*n. Give d(t).
2
Let y(o) be the third derivative of 3*o**6/40 - o**4/4 + 5*o**3/6 - 11*o**2. Let g(z) = -17*z**3 + 11*z - 9. Let k(w) = 6*g(w) + 11*y(w). Determine k(-1).
4
Let s(i) = 6*i + 1. Let z be 3 + 1/1 + -24. Let y = -19 - z. What is s(y)?
7
Let c(s) be the third derivative of 0 + 0*s + 2/3*s**3 - s**2 - 1/24*s**4. Give c(5).
-1
Let z(i) be the second derivative of -i**5/120 + i**4/24 - 7*i**3/6 + 47*i. Let y(p) be the second derivative of z(p). Calculate y(-3).
4
Let j be (-2)/7 + (-27)/(-21). Let g = j - -1. Let h(l) be the second derivative of -l**4/12 + 2*l**3/3 - l**2/2 + 74*l. Determine h(g).
3
Let p(o) be the third derivative of -5*o**2 + 0*o - 1/12*o**5 + 0 + 1/24*o**4 + 0*o**3 + 1/120*o**6. Determine p(5).
5
Let d(w) = 2*w**3 - 2*w**2 + 2*w - 1. Suppose 0 = -3*b - 2*b + 40. Suppose 4*k - b*k = -4. What is d(k)?
1
Let o(q) = -4*q - 2. Suppose -z + 0*a - 2*a = -5, 5*z = 3*a + 12. Let m(f) = -11*f - 7. Let g(r) = z*m(r) - 8*o(r). Determine g(-3).
-2
Let n = -410 + 416. Let r(s) = 4*s + 2. Let q(w) = -w. Let t(f) = 5*q(f) + r(f). Determine t(n).
-4
Let c(f) = 3 - 4*f**2 + 224*f - 228*f + 5*f**2. Suppose -1 = 5*u - 3*r + 1, -5*u = -4*r + 6. Determine c(u).
-1
Let x be ((-4)/10)/((-4)/40). Let z(u) = u + 5. Let f be z(0). Let w(n) = -2*n**3 + 4 + 3*n**3 + n - 2 - x*n**2 - f*n. What is w(5)?
7
Let t(n) = -n**3 + 8*n**2 + 8*n + 11. Let p = -107 - -110. Suppose 6*u + p = 57. What is t(u)?
2
Let a(x) be the third derivative of x**5/60 + x**4/3 - 2*x**3/3 - 8*x**2 - 1. What is a(-9)?
5
Let t(d) = -5*d**3 - 9*d**2 + 9*d - 1. Let a(u) = -3*u**3 - 5*u**2 + 5*u. Let v(b) = -7*a(b) + 4*t(b). Let m = 31 - 31. Give v(m).
-4
Let q be (-6)/(-3) + (11 - 18). Let m(n) = n**2 + 7*n + 2. Determine m(q).
-8
Let x(v) be the first derivative of 2*v**3/3 + 7*v**2/2 + v - 30. What is x(-5)?
16
Let h(l) = -l + 5. Suppose -2*q + 5 = -5. Suppose 5*z - 15 = z - s, 0 = 5*s + q. Give h(z).
1
Let q(y) = 24*y + 14*y - 42*y + y**3 + 5. Give q(2).
5
Let h = -152 - -147. Let s(r) = -r**2 - 3*r + 5. Determine s(h).
-5
Let d(k) = k**3 - 4*k**2 + 5*k + 5. Let m(v) = 5*v**3 - 19*v**2 + 25*v + 25. Let c(x) = 11*d(x) - 2*m(x). Suppose -w - q - 2 + 3 = 0, 3*w - 5*q = 35. Give c(w).
5
Let h(o) be the second derivative of -o**3/2 + 3*o**2 - 29*o. Let p = 143 - 138. Calcul